60?
False
Is 24 a factor of 5586?
False
Is 4 a factor of 7141?
False
Is 266 a multiple of 9?
False
Does 8 divide 446?
False
Does 3 divide 3096?
True
Is 3327 a multiple of 3?
True
Is 759 a multiple of 23?
True
Does 46 divide 1995?
False
Is 4 a factor of 120?
True
Does 9 divide 1962?
True
Is 32 a factor of 1054?
False
Does 10 divide 88?
False
Is 2478 a multiple of 21?
True
Is 8235 a multiple of 61?
True
Is 36 a factor of 1080?
True
Is 13 a factor of 1196?
True
Does 42 divide 9277?
False
Does 17 divide 986?
True
Is 13794 a multiple of 114?
True
Is 8 a factor of 115?
False
Does 4 divide 669?
False
Does 3 divide 3964?
False
Does 15 divide 3928?
False
Does 15 divide 216?
False
Is 25488 a multiple of 108?
True
Is 58 a factor of 2610?
True
Is 48 a factor of 20530?
False
Is 42 a factor of 5589?
False
Does 18 divide 176?
False
Is 296 a multiple of 8?
True
Does 12 divide 5556?
True
Is 47 a factor of 893?
True
Is 532 a multiple of 14?
True
Does 16 divide 25578?
False
Is 5 a factor of 138?
False
Is 23 a multiple of 4?
False
Is 28 a factor of 840?
True
Is 126 a multiple of 9?
True
Does 21 divide 105?
True
Is 66125 a multiple of 14?
False
Is 1234 a multiple of 59?
False
Is 191 a factor of 17187?
False
Does 121 divide 7865?
True
Does 15 divide 3615?
True
Is 36 a factor of 3312?
True
Is 245 a multiple of 5?
True
Is 35 a factor of 135059?
False
Is 1798 a multiple of 46?
False
Is 12 a factor of 2108?
False
Is 1265 a multiple of 55?
True
Is 6 a factor of 138?
True
Is 3686 a multiple of 68?
False
Is 6228 a multiple of 30?
False
Is 1394 a multiple of 82?
True
Is 490 a multiple of 18?
False
Is 11695 a multiple of 3?
False
Is 6250 a multiple of 3?
False
Is 2640 a multiple of 40?
True
Is 20 a factor of 2124?
False
Is 327 a factor of 19293?
True
Does 8 divide 2782?
False
Is 16 a factor of 704?
True
Is 5 a factor of 1105?
True
Is 8 a factor of 144?
True
Is 244 a multiple of 32?
False
Is 38 a factor of 3221?
False
Is 135 a multiple of 27?
True
Is 4 a factor of 1026?
False
Is 7900 a multiple of 25?
True
Is 34632 a multiple of 36?
True
Does 21 divide 4659?
False
Does 20 divide 13202?
False
Is 4094 a multiple of 5?
False
Does 69 divide 53406?
True
Does 50 divide 1231?
False
Is 12 a factor of 467?
False
Is 909 a multiple of 9?
True
Is 7098 a multiple of 91?
True
Is 1504 a multiple of 16?
True
Is 38 a factor of 494?
True
Is 52 a factor of 1196?
True
Is 121 a factor of 72810?
False
Is 13 a factor of 6812?
True
Does 36 divide 540?
True
Does 140 divide 8514?
False
Is 61 a factor of 18971?
True
Does 90 divide 5739?
False
Is 20 a factor of 7920?
True
Is 7260 a multiple of 3?
True
Is 2855 a multiple of 90?
False
Is 1716 a multiple of 26?
True
Is 184 a factor of 2576?
True
Is 16 a factor of 1728?
True
Is 1024 a multiple of 32?
True
Is 21 a multiple of 4?
False
Is 1147 a multiple of 43?
False
Is 10720 a multiple of 160?
True
Does 34 divide 408?
True
Is 1075 a multiple of 19?
False
Does 27 divide 5778?
True
Is 1129 a multiple of 69?
False
Is 56 a factor of 105?
False
Is 8980 a multiple of 20?
True
Does 51 divide 2499?
True
Is 7 a factor of 42?
True
Is 6393 a multiple of 21?
False
Is 189 a multiple of 63?
True
Does 9 divide 8361?
True
Is 17582 a multiple of 27?
False
Is 9125 a multiple of 11?
False
Is 16 a multiple of 16?
True
Does 10 divide 35230?
True
Is 8067 a multiple of 18?
False
Is 8 a factor of 173?
False
Is 132 a factor of 14264?
False
Is 1216 a multiple of 32?
True
Does 20 divide 4804?
False
Does 4 divide 90?
False
Does 60 divide 240?
True
Is 94 a factor of 3008?
True
Does 18 divide 8334?
True
Is 3235 a multiple of 17?
False
Does 65 divide 1755?
True
Does 24 divide 40392?
True
Does 8 divide 4256?
True
Is 3 a factor of 44?
False
Is 1160 a multiple of 20?
True
Does 52 divide 16476?
False
Is 3 a factor of 4710?
True
Does 32 divide 7488?
True
Is 2240 a multiple of 12?
False
Is 63751 a multiple of 91?
False
Is 28 a factor of 36307?
False
Is 65 a factor of 801?
False
Is 3435 a multiple of 19?
False
Is 260 a multiple of 12?
False
Is 23 a factor of 109983?
False
Is 76 a factor of 2356?
True
Is 19140 a multiple of 11?
True
Does 13 divide 13?
True
Is 968 a multiple of 4?
True
Does 24 divide 5199?
False
Is 13365 a multiple of 165?
True
Does 8 divide 344?
True
Is 13633 a multiple of 47?
False
Does 18 divide 234?
True
Does 48 divide 34896?
True
Is 46152 a multiple of 290?
False
Is 41 a factor of 2747?
True
Does 65 divide 12806?
False
Is 29 a factor of 46?
False
Does 47 divide 1678?
False
Is 8 a factor of 544?
True
Does 16 divide 544?
True
Is 580 a multiple of 29?
True
Is 13610 a multiple of 10?
True
Does 7 divide 3164?
True
Is 46359 a multiple of 101?
True
Is 8 a factor of 216?
True
Is 800 a multiple of 10?
True
Is 6930 a multiple of 9?
True
Is 4412 a multiple of 13?
False
Is 365 a multiple of 35?
False
Is 289 a multiple of 32?
False
Does 30 divide 5490?
True
Does 13 divide 14042?
False
Is 20 a factor of 360?
True
Is 150 a factor of 35700?
True
Is 124 a multiple of 6?
False
Does 16 divide 161?
False
Is 431 a multiple of 5?
False
Is 2599 a multiple of 93?
False
Is 1335 a multiple of 89?
True
Does 7 divide 110?
False
Does 13 divide 56082?
True
Is 600 a multiple of 25?
True
Is 144 a factor of 22869?
False
Does 37 divide 191?
False
Is 7074 a multiple of 75?
False
Does 9 divide 3192?
False
Is 3136 a multiple of 56?
True
Is 8 a factor of 102224?
True
Is 302 a multiple of 24?
False
Is 3336 a multiple of 24?
True
Is 80 a factor of 14080?
True
Is 6426 a multiple of 4?
False
Is 6 a factor of 111?
False
Is 596 a multiple of 14?
False
Is 8109 a multiple of 7?
False
Does 4 divide 311?
False
Is 7 a factor of 3918?
False
Does 72 divide 11863?
False
Does 15 divide 57?
False
Is 13 a factor of 615?
False
Does 4 divide 178?
False
Is 12 a factor of 1071?
False
Is 18 a factor of 2518?
False
Is 927 a multiple of 33?
False
Is 89784 a multiple of 174?
True
Is 46 a factor of 3266?
True
Does 12 divide 2848?
False
Is 8 a factor of 535?
False
Is 25 a factor of 22321?
False
Is 5529 a multiple of 57?
True
Is 13 a factor of 1233?
False
Is 25 a factor of 1275?
True
Does 16 divide 699?
False
Does 120 divide 152931?
False
Does 5 divide 125?
True
Does 46 divide 439?
False
Is 19 a factor of 1159?
True
Is 5 a factor of 846?
False
Is 108 a factor of 6794?
False
Does 16 divide 284?
False
Is 8103 a multiple of 3?
True
Is 400 a multiple of 16?
True
Is 28 a factor of 2034?
False
Is 2 a factor of 483?
False
Does 60 divide 19920?
True
Is 4340 a multiple of 10?
True
Does 28 divide 2996?
True
Does 70 divide 6198?
False
Does 110 divide 3375?
False
Is 170 a factor of 11262?
False
Is 1667 a multiple of 76?
False
Is 16 a factor of 7193?
False
Is 290 a multiple of 10?
True
Is 26 a factor of 3016?
True
Does 37 divide 185?
True
Is 4636 a multiple of 3?
False
Is 22 a factor of 6732?
True
Is 82726 a multiple of 133?
True
Is 17 a factor of 101357?
False
Is 24 a factor of 720?
True
Does 13 divide 41183?
False
Is 422 even?
True
Is 13 a factor of 5005?
True
Is 121 a multiple of 3?
False
Is 84 a factor of 5796?
True
Is 3712 a multiple of 16?
True
Does 117 divide 1755?
True
Is 9 a factor of 900?
True
Is 21 a factor of 921?
False
Does 28 divide 452?
False
Is 3417 a multiple of 67?
True
Is 18 a factor of 31950?
True
Is 58 a factor of 11064?
False
Does 89 divide 1068?
True
Is 40 a factor of 360?
True
Is 210 a factor of 10129?
False
Does 11 divide 2038?
False
Is 25 a factor of 1220?
False
Is 571 a multiple of 39?
False
Does 28 divide 924?
True
Is 55 a multiple of 5?
True
Is 20 a factor of 10560?
True
Is 17939 a multiple of 147?
False
Is 119 a factor of 67235?
True
Does 9 divide 31788?
True
Is 3188 a multiple of 24?
False
Does 127 divide 6897?
False
Is 9 a factor of 6282?
True
Does 19 divide 722?
True
Is 19 a factor of 18696?
True
Is 5 a factor of 512?
False
Is 74995 a multiple of 13?
False
Does 67 divide 41607?
True
Is 69 a factor of 41166?
False
Is 579 a multiple of 54?
False
Is 74 a factor of 3301?
False
Is 37 a factor of 13337?
False
Is 6319 a multiple of 89?
True
Does 17 divide 33422?
True
Does 42 divide 5995?
False
Is 7616 a multiple of 64?
True
Is 35 a factor of 2310?
True
Does 8 divide 1496?
True
Is 18 a factor of 5274?
True
Does 52 divide 8737?
False
Does 3 divide 5533?
False
Is 12 a factor of 7626?
False
Is 1750 a multiple of 25?
True
Is 2